e 15) in base 6?
-1
Convert 24 (base 8) to base 13.
17
What is 211 (base 4) in base 14?
29
Convert 123 (base 5) to base 3.
1102
What is 2 (base 16) in base 2?
10
39 (base 16) to base 12
49
Convert 1022 (base 4) to base 16.
4a
Convert -17 (base 13) to base 11.
-19
Convert -89 (base 14) to base 16.
-79
Convert -207 (base 11) to base 12.
-189
10100 (base 2) to base 5
40
-4 (base 16) to base 2
-100
Convert 3 (base 6) to base 11.
3
-4 (base 8) to base 2
-100
What is -5 (base 9) in base 12?
-5
Convert 1 (base 12) to base 16.
1
Convert 1 (base 15) to base 13.
1
34 (base 15) to base 11
45
What is 5 (base 8) in base 6?
5
0 (base 11) to base 9
0
What is -3 (base 5) in base 12?
-3
What is -47 (base 16) in base 15?
-4b
Convert 2 (base 5) to base 10.
2
What is -66 (base 9) in base 7?
-114
Convert -2 (base 8) to base 16.
-2
What is -21 (base 4) in base 15?
-9
244 (base 8) to base 14
ba
What is -82 (base 11) in base 13?
-6c
-b (base 15) to base 9
-12
1211 (base 3) to base 12
41
What is -2 (base 10) in base 8?
-2
Convert 5 (base 9) to base 2.
101
Convert -1 (base 9) to base 14.
-1
26 (base 14) to base 11
31
-233 (base 5) to base 4
-1010
Convert 10 (base 6) to base 9.
6
-1 (base 7) to base 4
-1
Convert -111 (base 3) to base 11.
-12
What is 1 (base 14) in base 2?
1
-17 (base 15) to base 14
-18
-2200 (base 4) to base 9
-187
What is 1e (base 15) in base 5?
104
-66 (base 10) to base 15
-46
Convert 6 (base 10) to base 13.
6
-35 (base 9) to base 16
-20
-220 (base 4) to base 11
-37
What is 2 (base 4) in base 9?
2
What is 125 (base 11) in base 16?
94
Convert 214 (base 11) to base 6.
1105
7 (base 11) to base 16
7
Convert -42 (base 16) to base 6.
-150
What is -1 (base 13) in base 8?
-1
What is -106 (base 7) in base 15?
-3a
What is -3 (base 11) in base 9?
-3
Convert -60 (base 11) to base 2.
-1000010
Convert -36 (base 14) to base 11.
-44
Convert -89 (base 16) to base 3.
-12002
What is 143 (base 11) in base 8?
250
Convert 70 (base 8) to base 13.
44
Convert -12 (base 6) to base 16.
-8
What is -2 (base 11) in base 2?
-10
Convert -1 (base 11) to base 9.
-1
-d (base 14) to base 15
-d
32 (base 5) to base 12
15
What is -124 (base 6) in base 11?
-48
Convert 6a (base 12) to base 10.
82
Convert 49 (base 12) to base 3.
2010
What is -1 (base 8) in base 15?
-1
-15 (base 6) to base 11
-10
What is -5 (base 12) in base 7?
-5
What is 10 (base 4) in base 6?
4
What is 14 (base 16) in base 9?
22
What is -1100010 (base 2) in base 6?
-242
What is -2 (base 3) in base 15?
-2
2 (base 15) to base 2
10
12 (base 4) to base 12
6
Convert c (base 16) to base 7.
15
Convert -32 (base 7) to base 14.
-19
What is -10011110 (base 2) in base 16?
-9e
What is -247 (base 11) in base 4?
-10211
What is 99 (base 13) in base 3?
11200
What is 110 (base 2) in base 8?
6
-1 (base 3) to base 7
-1
-3e (base 16) to base 6
-142
What is -e9 (base 15) in base 3?
-22010
What is 22 (base 10) in base 14?
18
What is -1 (base 10) in base 3?
-1
-8 (base 10) to base 5
-13
14 (base 15) to base 6
31
Convert -a3 (base 11) to base 4.
-1301
Convert -74 (base 8) to base 15.
-40
Convert 1 (base 13) to base 16.
1
Convert 21 (base 8) to base 11.
16
191 (base 13) to base 11
241
Convert 22 (base 13) to base 14.
20
64 (base 13) to base 2
1010010
Convert -33 (base 6) to base 10.
-21
What is 0 (base 2) in base 6?
0
Convert 13 (base 4) to base 3.
21
2 (base 6) to base 10
2
-3 (base 5) to base 4
-3
Convert 121 (base 15) to base 8.
400
What is 32 (base 11) in base 7?
50
What is -1 (base 7) in base 13?
-1
-3 (base 16) to base 12
-3
-56 (base 14) to base 16
-4c
Convert -6 (base 8) to base 12.
-6
-1111 (base 2) to base 9
-16
-26 (base 14) to base 12
-2a
Convert -99 (base 10) to base 9.
-120
What is -2 (base 7) in base 11?
-2
Convert 53 (base 7) to base 11.
35
Convert 2032 (base 4) to base 12.
ba
-1000 (base 2) to base 5
-13
0 (base 6) to base 3
0
-120 (base 4) to base 16
-18
101000 (base 2) to base 14
2c
-4 (base 14) to base 2
-100
Convert 1010 (base 2) to base 6.
14
Convert -9 (base 10) to base 8.
-11
13 (base 9) to base 5
22
Convert 9 (base 10) to base 6.
13
Convert 33 (base 9) to base 3.
1010
What is 3 (base 6) in base 9?
3
What is 4 (base 6) in base 4?
10
Convert 4 (base 5) to base 10.
4
What is -15 (base 14) in base 5?
-34
-404 (base 6) to base 7
-301
What is -42 (base 6) in base 9?
-28
Convert -2 (base 10) to base 11.
-2
Convert -20 (base 8) to base 4.
-100
Convert 1 (base 8) to base 15.
1
-100 (base 3) to base 11
-9
What is 16 (base 7) in base 4?
31
What is -110 (base 2) in base 16?
-6
Convert 0 (base 15) to base 14.
0
What is -2 (base 14) in base 8?
-2
What is -4 (base 10) in base 14?
-4
Convert 4 (base 15) to base 3.
11
Convert -6 (base 15) to base 10.
-6
What is 74 (base 10) in base 12?
62
Convert 3 (base 10) to base 6.
3
What is 232 (base 5) in base 15?
47
What is -177 (base 8) in base 5?
-1002
What is -10 (base 3) in base 9?
-3
Convert 301 (base 6) to base 4.
1231
-a (base 15) to base 7
-13
Convert 1 (base 14) to base 15.
1
Convert 1 (base 14) to base 7.
1
27 (base 10) to base 4
123
What is -10102 (base 3) in base 13?
-71
Convert 1 (base 9) to base 3.
1
48 (base 14) to base 16
40
Convert -7 (base 15) to base 3.
-21
What is -10 (base 2) in base 7?
-2
What is 1030 (base 4) in base 12?
64
Convert -5 (base 12) to base 6.
-5
Convert -3 (base 12) to base 15.
-3
-15 (base 14) to base 15
-14
5 (base 9) to base 4
11
-221 (base 3) to base 7
-34
Convert -3 (base 12) to base 7.
-3
What is -552 (base 6) in base 4?
-3110
Convert 10010 (base 2) to base 3.
200
-2 (base 6) to base 13
-2
Convert 111 (base 3) to base 10.
13
Convert 145 (base 6) to base 7.
122
What is -7 (base 9) in base 10?
-7
Convert -25 (base 14) to base 2.
-100001
-33 (base 10) to base 16
-21
-1001 (base 2) to base 8
-11
What is 58 (base 11) in base 14?
47
Convert 0 (base 15) to base 7.
0
b (base 14) to base 16
b
What is 0 (base 13) in base 14?
0
Convert -18 (base 13) to base 14.
-17
What is 100110 (base 2) in base 14?
2a
Convert 3 (base 12) to base 8.
3
Convert -5 (base 11) to base 15.
-5
0 (base 12) to base 5
0
What is 46 (base 13) in base 14?
42
Convert -4 (base 7) to base 13.
-4
15 (base 6) to base 7
14
Convert 5b (base 14) to base 2.
1010001
Convert -163 (base 13) to base 11.
-208
-33 (base 4) to base 13
-12
Convert 11101 (base 2) to base 4.
131
Convert -3 (base 16) to base 3.
-10
-144 (base 5) to base 13
-3a
What is 1035 (base 7) in base 15?
199
Convert -10 (base 3) to base 7.
-3
20 (base 5) to base 4
22
1302 (base 6) to base 15
16b
-23 (base 11) to base 9
-27
What is -24 (base 8) in base 16?
-14
Convert -127 (base 8) to base 10.
-87
2 (base 16) to base 15
2
10 (base 8) to base 16
8
Convert -13 (base 15) to base 10.
-18
-11 (base 5) to base 16
-6
Convert -17 (base 13) to base 4.
-110
What is 2 (base 3) in base 2?
10
-11 (base 3) to base 7
-4
-34 (base 10) to base 8
-42
-92 (base 10) to base 12
-78
What is 1 (base 11) in base 7?
1
Convert -442 (base 5) to base 3.
-11112
Convert 1122 (base 4) to base 2.
1011010
Convert -3 (base 6) to base 15.
-3
Convert 27 (base 12) to base 5.
111
What is 2 (base 16) in base 5?
2
What is 0 (base 6) in base 10?
0
Convert 120 (base 3) to base 5.
30
57 (base 12) to base 16
43
What is 111 (base 2) in base 6?
11
103 (base 10) to base 11
94
Convert 3 (base 15) to base 3.
10
Convert -5d (base 15) to base 14.
-64
Convert -222 (base 3) to base 9.
-28
-33 (base 15) to base 12
-40
What is -41 (base 10) in base 4?
-221
What is -2 (base 15) in base 16?
-2
6 (base 9) to base 15
6
Convert -7 (base 16) to base 14.
-7
-100 (base 8) to base 11
-59
-102 (base 4) to base 8
-22
What is 4 (base 12) in base 10?
4
What is a (base 13) in base 11?
a
What is 11 (base 11) in base 15?
c
What is fd (base 16) in base 8?
375
What is a0 (base 12) in base 15?
80
Convert -1 (base 12) to base 10.
-1
What is 3101 (base 5) in base 13?
24b
Convert 1 (base 14) to base 8.
1
What is -2a (base 16) in base 6?
-110
What is 4 (base 13) in base 12?
4
6 (base 14) to base 11
6
What is -1 (base 16) in base 3?
-1
2 (base 9) to base 12
2
73 (base 10) to base 3
2201
What is 0 (base 13) in base 16?
0
-19 (base 10) to base 7
-25
Convert -e9 (base 16) to base 5.
-1413
Convert 1001 (base 2) to base 13.
9
Convert -25 (base 16) to base 9.
-41
9 (base 14) to base 15
9
What is -100001 (base 2) in base 8?
-4